{"id":1409,"date":"2024-03-24T13:41:30","date_gmt":"2024-03-24T12:41:30","guid":{"rendered":"https:\/\/gardetanzgruppe.de\/?post_type=tribe_events&#038;p=1409"},"modified":"2025-03-17T11:53:46","modified_gmt":"2025-03-17T10:53:46","slug":"fastnacht-generalprobe-fuer-die-sitzungen-2-2","status":"publish","type":"tribe_events","link":"https:\/\/gardetanzgruppe.de\/?tribe_events=fastnacht-generalprobe-fuer-die-sitzungen-2-2","title":{"rendered":"&#8222;UntHERRuns&#8220; M\u00e4nner unter sich&#8230;.."},"content":{"rendered":"<p><img loading=\"lazy\" decoding=\"async\" class=\"aligncenter wp-image-1279 size-medium\" src=\"https:\/\/gardetanzgruppe.de\/wp-content\/uploads\/2024\/12\/save-the-date-7857592_1280-300x261.png\" alt=\"\" width=\"300\" height=\"261\" srcset=\"https:\/\/gardetanzgruppe.de\/wp-content\/uploads\/2024\/12\/save-the-date-7857592_1280-300x261.png 300w, https:\/\/gardetanzgruppe.de\/wp-content\/uploads\/2024\/12\/save-the-date-7857592_1280-1030x896.png 1030w, https:\/\/gardetanzgruppe.de\/wp-content\/uploads\/2024\/12\/save-the-date-7857592_1280-768x668.png 768w, https:\/\/gardetanzgruppe.de\/wp-content\/uploads\/2024\/12\/save-the-date-7857592_1280-705x614.png 705w, https:\/\/gardetanzgruppe.de\/wp-content\/uploads\/2024\/12\/save-the-date-7857592_1280.png 1280w\" sizes=\"auto, (max-width: 300px) 100vw, 300px\" \/><\/p>\n<p style=\"text-align: center;\"><strong>Die traditionelle Fastnachtser\u00f6ffnung, M\u00e4nner unter sich&#8230;&#8230;<br \/>\n<\/strong><strong>Weck, Worscht, Wein und Bier&#8230;&#8230;.unn dumme Spr\u00fcch !<\/strong><\/p>\n<p style=\"text-align: center;\">Einlass: 18:11 Uhr<br \/>\n<strong>Beginn: 19:11 Uhr<\/strong><\/p>\n<p style=\"text-align: center;\"><span style=\"background-color: #ffff99;\"><strong>Kartenbestellung unter<\/strong><\/span><\/p>\n<p style=\"text-align: center;\"><span style=\"background-color: #ffff99;\"><strong>(0160) 780 15 17<\/strong><\/span><\/p>\n","protected":false},"excerpt":{"rendered":"<p>Die traditionelle Fastnachtser\u00f6ffnung, M\u00e4nner unter sich&#8230;&#8230; Weck, Worscht, Wein und Bier&#8230;&#8230;.unn dumme Spr\u00fcch ! Einlass: 18:11 Uhr Beginn: 19:11 Uhr Kartenbestellung unter (0160) 780 15 17<\/p>\n","protected":false},"author":1,"featured_media":894,"template":"","meta":{"_tribe_events_status":"","_tribe_events_status_reason":"","footnotes":""},"tags":[],"tribe_events_cat":[],"class_list":["post-1409","tribe_events","type-tribe_events","status-publish","has-post-thumbnail","hentry"],"publishpress_future_workflow_manual_trigger":{"enabledWorkflows":[]},"_links":{"self":[{"href":"https:\/\/gardetanzgruppe.de\/index.php?rest_route=\/wp\/v2\/tribe_events\/1409","targetHints":{"allow":["GET"]}}],"collection":[{"href":"https:\/\/gardetanzgruppe.de\/index.php?rest_route=\/wp\/v2\/tribe_events"}],"about":[{"href":"https:\/\/gardetanzgruppe.de\/index.php?rest_route=\/wp\/v2\/types\/tribe_events"}],"author":[{"embeddable":true,"href":"https:\/\/gardetanzgruppe.de\/index.php?rest_route=\/wp\/v2\/users\/1"}],"version-history":[{"count":4,"href":"https:\/\/gardetanzgruppe.de\/index.php?rest_route=\/wp\/v2\/tribe_events\/1409\/revisions"}],"predecessor-version":[{"id":1431,"href":"https:\/\/gardetanzgruppe.de\/index.php?rest_route=\/wp\/v2\/tribe_events\/1409\/revisions\/1431"}],"wp:featuredmedia":[{"embeddable":true,"href":"https:\/\/gardetanzgruppe.de\/index.php?rest_route=\/wp\/v2\/media\/894"}],"wp:attachment":[{"href":"https:\/\/gardetanzgruppe.de\/index.php?rest_route=%2Fwp%2Fv2%2Fmedia&parent=1409"}],"wp:term":[{"taxonomy":"post_tag","embeddable":true,"href":"https:\/\/gardetanzgruppe.de\/index.php?rest_route=%2Fwp%2Fv2%2Ftags&post=1409"},{"taxonomy":"tribe_events_cat","embeddable":true,"href":"https:\/\/gardetanzgruppe.de\/index.php?rest_route=%2Fwp%2Fv2%2Ftribe_events_cat&post=1409"}],"curies":[{"name":"wp","href":"https:\/\/api.w.org\/{rel}","templated":true}]}}

&#8222;UntHERRuns&#8220; Männer unter sich&#8230;..

<p><img loading="lazy" decoding="async" class="aligncenter wp-image-1279 size-medium" src="https://gardetanzgruppe.de/wp-content/uploads/2024/12/save-the-date-7857592_1280-300x261.png" alt="" width="300" height="261" srcset="https://gardetanzgruppe.de/wp-content/uploads/2024/12/save-the-date-7857592_1280-300x261.png 300w, https://gardetanzgruppe.de/wp-content/uploads/2024/12/save-the-date-7857592_1280-1030x896.png 1030w, https://gardetanzgruppe.de/wp-content/uploads/2024/12/save-the-date-7857592_1280-768x668.png 768w, https://gardetanzgruppe.de/wp-content/uploads/2024/12/save-the-date-7857592_1280-705x614.png 705w, https://gardetanzgruppe.de/wp-content/uploads/2024/12/save-the-date-7857592_1280.png 1280w" sizes="auto, (max-width: 300px) 100vw, 300px" /></p>
<p style="text-align: center;"><strong>Die traditionelle Fastnachtseröffnung, Männer unter sich&#8230;&#8230;<br />
</strong><strong>Weck, Worscht, Wein und Bier&#8230;&#8230;.unn dumme Sprüch !</strong></p>
<p style="text-align: center;">Einlass: 18:11 Uhr<br />
<strong>Beginn: 19:11 Uhr</strong></p>
<p style="text-align: center;"><span style="background-color: #ffff99;"><strong>Kartenbestellung unter</strong></span></p>
<p style="text-align: center;"><span style="background-color: #ffff99;"><strong>(0160) 780 15 17</strong></span></p>

<p>Die traditionelle Fastnachtseröffnung, Männer unter sich&#8230;&#8230; Weck, Worscht, Wein und Bier&#8230;&#8230;.unn dumme Sprüch ! Einlass: 18:11 Uhr Beginn: 19:11 Uhr Kartenbestellung unter (0160) 780 15 17</p>
