{"id":1525,"date":"2024-03-24T13:41:30","date_gmt":"2024-03-24T12:41:30","guid":{"rendered":"https:\/\/gardetanzgruppe.de\/?post_type=tribe_events&#038;p=1525"},"modified":"2025-05-03T20:49:16","modified_gmt":"2025-05-03T18:49:16","slug":"fastnacht-generalprobe-fuer-die-sitzungen-2-2-2","status":"publish","type":"tribe_events","link":"https:\/\/gardetanzgruppe.de\/?tribe_events=fastnacht-generalprobe-fuer-die-sitzungen-2-2-2","title":{"rendered":"Verein | Mitwirkendenfeier Fastnacht 2024\/2025"},"content":{"rendered":"<h3 style=\"text-align: center;\">Nur f\u00fcr geladene G\u00e4ste.<\/h3>\n<p style=\"text-align: center;\"><span style=\"background-color: #ffff00;\"><strong>(Siehe pers\u00f6nliche Einladung.)<\/strong><\/span><\/p>\n<p><img loading=\"lazy\" decoding=\"async\" class=\"aligncenter wp-image-1279 size-medium\" src=\"https:\/\/gardetanzgruppe.de\/wp-content\/uploads\/2024\/12\/save-the-date-7857592_1280-300x261.png\" alt=\"\" width=\"300\" height=\"261\" srcset=\"https:\/\/gardetanzgruppe.de\/wp-content\/uploads\/2024\/12\/save-the-date-7857592_1280-300x261.png 300w, https:\/\/gardetanzgruppe.de\/wp-content\/uploads\/2024\/12\/save-the-date-7857592_1280-1030x896.png 1030w, https:\/\/gardetanzgruppe.de\/wp-content\/uploads\/2024\/12\/save-the-date-7857592_1280-768x668.png 768w, https:\/\/gardetanzgruppe.de\/wp-content\/uploads\/2024\/12\/save-the-date-7857592_1280-705x614.png 705w, https:\/\/gardetanzgruppe.de\/wp-content\/uploads\/2024\/12\/save-the-date-7857592_1280.png 1280w\" sizes=\"auto, (max-width: 300px) 100vw, 300px\" \/><\/p>\n","protected":false},"excerpt":{"rendered":"<p>Nur f\u00fcr geladene G\u00e4ste. (Siehe pers\u00f6nliche Einladung.)<\/p>\n","protected":false},"author":1,"featured_media":894,"template":"","meta":{"_tribe_events_status":"","_tribe_events_status_reason":"","footnotes":""},"tags":[],"tribe_events_cat":[],"class_list":["post-1525","tribe_events","type-tribe_events","status-publish","has-post-thumbnail","hentry"],"publishpress_future_workflow_manual_trigger":{"enabledWorkflows":[]},"_links":{"self":[{"href":"https:\/\/gardetanzgruppe.de\/index.php?rest_route=\/wp\/v2\/tribe_events\/1525","targetHints":{"allow":["GET"]}}],"collection":[{"href":"https:\/\/gardetanzgruppe.de\/index.php?rest_route=\/wp\/v2\/tribe_events"}],"about":[{"href":"https:\/\/gardetanzgruppe.de\/index.php?rest_route=\/wp\/v2\/types\/tribe_events"}],"author":[{"embeddable":true,"href":"https:\/\/gardetanzgruppe.de\/index.php?rest_route=\/wp\/v2\/users\/1"}],"version-history":[{"count":4,"href":"https:\/\/gardetanzgruppe.de\/index.php?rest_route=\/wp\/v2\/tribe_events\/1525\/revisions"}],"predecessor-version":[{"id":1566,"href":"https:\/\/gardetanzgruppe.de\/index.php?rest_route=\/wp\/v2\/tribe_events\/1525\/revisions\/1566"}],"wp:featuredmedia":[{"embeddable":true,"href":"https:\/\/gardetanzgruppe.de\/index.php?rest_route=\/wp\/v2\/media\/894"}],"wp:attachment":[{"href":"https:\/\/gardetanzgruppe.de\/index.php?rest_route=%2Fwp%2Fv2%2Fmedia&parent=1525"}],"wp:term":[{"taxonomy":"post_tag","embeddable":true,"href":"https:\/\/gardetanzgruppe.de\/index.php?rest_route=%2Fwp%2Fv2%2Ftags&post=1525"},{"taxonomy":"tribe_events_cat","embeddable":true,"href":"https:\/\/gardetanzgruppe.de\/index.php?rest_route=%2Fwp%2Fv2%2Ftribe_events_cat&post=1525"}],"curies":[{"name":"wp","href":"https:\/\/api.w.org\/{rel}","templated":true}]}}

<h3 style="text-align: center;">Nur für geladene Gäste.</h3>
<p style="text-align: center;"><span style="background-color: #ffff00;"><strong>(Siehe persönliche Einladung.)</strong></span></p>
<p><img loading="lazy" decoding="async" class="aligncenter wp-image-1279 size-medium" src="https://gardetanzgruppe.de/wp-content/uploads/2024/12/save-the-date-7857592_1280-300x261.png" alt="" width="300" height="261" srcset="https://gardetanzgruppe.de/wp-content/uploads/2024/12/save-the-date-7857592_1280-300x261.png 300w, https://gardetanzgruppe.de/wp-content/uploads/2024/12/save-the-date-7857592_1280-1030x896.png 1030w, https://gardetanzgruppe.de/wp-content/uploads/2024/12/save-the-date-7857592_1280-768x668.png 768w, https://gardetanzgruppe.de/wp-content/uploads/2024/12/save-the-date-7857592_1280-705x614.png 705w, https://gardetanzgruppe.de/wp-content/uploads/2024/12/save-the-date-7857592_1280.png 1280w" sizes="auto, (max-width: 300px) 100vw, 300px" /></p>

<p>Nur für geladene Gäste. (Siehe persönliche Einladung.)</p>
