{"id":1537,"date":"2025-04-02T16:42:46","date_gmt":"2025-04-02T14:42:46","guid":{"rendered":"https:\/\/gardetanzgruppe.de\/?post_type=tribe_events&#038;p=1537"},"modified":"2025-04-02T16:51:03","modified_gmt":"2025-04-02T14:51:03","slug":"beginn-neues-training-funtastix-kids-2","status":"publish","type":"tribe_events","link":"https:\/\/gardetanzgruppe.de\/?tribe_events=beginn-neues-training-funtastix-kids-2","title":{"rendered":"Beginn neues Training (Funtastix)"},"content":{"rendered":"<p><strong>Alter: ab ca. 13 Jahre<\/strong><\/p>\n<p><span style=\"color: #ff0000;\"><strong>F\u00fcr neue T\u00e4nzerinnen und T\u00e4nzer bitte nur mit Voranmeldung unter (0172) 911 88 18.<\/strong><\/span><\/p>\n","protected":false},"excerpt":{"rendered":"<p>Alter: ab ca. 13 Jahre F\u00fcr neue T\u00e4nzerinnen und T\u00e4nzer bitte nur mit Voranmeldung unter (0172) 911 88 18.<\/p>\n","protected":false},"author":1,"featured_media":1100,"template":"","meta":{"_tribe_events_status":"","_tribe_events_status_reason":"","footnotes":""},"tags":[],"tribe_events_cat":[],"class_list":["post-1537","tribe_events","type-tribe_events","status-publish","has-post-thumbnail","hentry"],"publishpress_future_workflow_manual_trigger":{"enabledWorkflows":[]},"_links":{"self":[{"href":"https:\/\/gardetanzgruppe.de\/index.php?rest_route=\/wp\/v2\/tribe_events\/1537","targetHints":{"allow":["GET"]}}],"collection":[{"href":"https:\/\/gardetanzgruppe.de\/index.php?rest_route=\/wp\/v2\/tribe_events"}],"about":[{"href":"https:\/\/gardetanzgruppe.de\/index.php?rest_route=\/wp\/v2\/types\/tribe_events"}],"author":[{"embeddable":true,"href":"https:\/\/gardetanzgruppe.de\/index.php?rest_route=\/wp\/v2\/users\/1"}],"version-history":[{"count":4,"href":"https:\/\/gardetanzgruppe.de\/index.php?rest_route=\/wp\/v2\/tribe_events\/1537\/revisions"}],"predecessor-version":[{"id":1539,"href":"https:\/\/gardetanzgruppe.de\/index.php?rest_route=\/wp\/v2\/tribe_events\/1537\/revisions\/1539"}],"wp:featuredmedia":[{"embeddable":true,"href":"https:\/\/gardetanzgruppe.de\/index.php?rest_route=\/wp\/v2\/media\/1100"}],"wp:attachment":[{"href":"https:\/\/gardetanzgruppe.de\/index.php?rest_route=%2Fwp%2Fv2%2Fmedia&parent=1537"}],"wp:term":[{"taxonomy":"post_tag","embeddable":true,"href":"https:\/\/gardetanzgruppe.de\/index.php?rest_route=%2Fwp%2Fv2%2Ftags&post=1537"},{"taxonomy":"tribe_events_cat","embeddable":true,"href":"https:\/\/gardetanzgruppe.de\/index.php?rest_route=%2Fwp%2Fv2%2Ftribe_events_cat&post=1537"}],"curies":[{"name":"wp","href":"https:\/\/api.w.org\/{rel}","templated":true}]}}

<p><strong>Alter: ab ca. 13 Jahre</strong></p>
<p><span style="color: #ff0000;"><strong>Für neue Tänzerinnen und Tänzer bitte nur mit Voranmeldung unter (0172) 911 88 18.</strong></span></p>

<p>Alter: ab ca. 13 Jahre Für neue Tänzerinnen und Tänzer bitte nur mit Voranmeldung unter (0172) 911 88 18.</p>
